4567177869 a composite number?
True
Is 10478337251 prime?
False
Is 26447892077 composite?
False
Is 1635136121 a prime number?
False
Is 111149594371 composite?
False
Is 1567891037 composite?
True
Is 75298397 prime?
False
Is 707731433 prime?
True
Is 1125155517 a prime number?
False
Is 29317855687 a composite number?
True
Is 761858161 composite?
False
Is 31426326961 composite?
True
Is 353876491 a prime number?
True
Is 94391359 prime?
True
Is 4824501751 a composite number?
True
Is 63613267 a prime number?
True
Is 651076259 prime?
True
Is 129914009 a prime number?
True
Is 2266177237 a composite number?
False
Is 63614701 prime?
True
Is 66806163807 a composite number?
True
Is 12077894039 composite?
False
Is 6345156199 a composite number?
True
Is 163337647493 composite?
True
Is 9763351177 a prime number?
False
Is 10424591 a composite number?
False
Is 21644599727 a prime number?
True
Is 4603346981 composite?
False
Is 510764263 a prime number?
True
Is 221116193219 a prime number?
True
Is 50526330059 a composite number?
True
Is 21070150771 prime?
True
Is 772664011 prime?
False
Is 155098651 prime?
False
Is 2446449013 a prime number?
True
Is 2536946813 prime?
False
Is 10172306077 a prime number?
False
Is 29717964317 a composite number?
True
Is 3463653323 composite?
True
Is 92796167 composite?
False
Is 6918494059 prime?
True
Is 1425658382 a composite number?
True
Is 98764007 prime?
False
Is 4679473399 a composite number?
True
Is 25256139017 prime?
False
Is 8185065027 composite?
True
Is 1748290783 a composite number?
False
Is 889859981 composite?
False
Is 924163991 a composite number?
False
Is 1273422349 a composite number?
True
Is 400849897055 a prime number?
False
Is 34949108863 composite?
False
Is 7085467769 prime?
True
Is 102272999819 prime?
True
Is 34762841117 composite?
False
Is 160937269 composite?
True
Is 6824882651 a composite number?
False
Is 1995696671 a prime number?
True
Is 36424956509 a prime number?
True
Is 16445340649 composite?
True
Is 813814303 a composite number?
True
Is 52298628803 prime?
False
Is 617216207 prime?
True
Is 1957832983 composite?
False
Is 2847194569 prime?
False
Is 46846944185 a composite number?
True
Is 16652094557 a prime number?
False
Is 9339727099 prime?
True
Is 108165856907 a prime number?
True
Is 73203299707 composite?
False
Is 855506609 a prime number?
True
Is 64987349 a composite number?
True
Is 7727658923 prime?
True
Is 1255108917 prime?
False
Is 41326496569 composite?
False
Is 1694886637 a composite number?
False
Is 48308175021 a prime number?
False
Is 1357666501 a composite number?
False
Is 7847671 a composite number?
True
Is 678390113 composite?
False
Is 17277129067 composite?
True
Is 298248271 a composite number?
True
Is 1140696053 a prime number?
False
Is 12514133587 composite?
True
Is 1974491537 a composite number?
True
Is 17802503165 a prime number?
False
Is 1719063467 a composite number?
True
Is 1553534401 prime?
False
Is 4278580001 prime?
False
Is 146691589921 a prime number?
False
Is 2336594683 composite?
False
Is 2110922003 prime?
False
Is 434545481 composite?
True
Is 2207036869 a composite number?
True
Is 1404114947 composite?
False
Is 42900301 a composite number?
True
Is 75296773 a composite number?
True
Is 16894680137 composite?
False
Is 4723473023 a composite number?
True
Is 12330637337 a composite number?
False
Is 689539187 a prime number?
True
Is 12376241855 composite?
True
Is 1635936397 prime?
False
Is 47700525023 composite?
True
Is 1492622623 composite?
True
Is 13012659901 a composite number?
True
Is 88378009 prime?
False
Is 16760137783 a composite number?
False
Is 32200153907 composite?
True
Is 7457567071 a composite number?
True
Is 470531847 composite?
True
Is 489948023 a prime number?
True
Is 17612529653 prime?
False
Is 518464703 prime?
False
Is 888217709 prime?
True
Is 11724355957 prime?
True
Is 7251076043 composite?
False
Is 7260942838 a prime number?
False
Is 1135795027 composite?
False
Is 2013891691 prime?
False
Is 91700406407 composite?
True
Is 9789658751 a prime number?
False
Is 57878647531 a composite number?
True
Is 810044563 composite?
False
Is 5871743327 composite?
True
Is 2415530081 composite?
True
Is 2750640989 a prime number?
True
Is 2277753223 a prime number?
True
Is 88934323 a prime number?
True
Is 1714554073 a prime number?
True
Is 1085523769 a composite number?
True
Is 3397367359 composite?
True
Is 147617189 prime?
True
Is 9407637683 a prime number?
False
Is 12011560117 a composite number?
False
Is 14383113389 prime?
True
Is 744462029 a composite number?
True
Is 7550555603 composite?
False
Is 31037278 composite?
True
Is 703450567 a prime number?
False
Is 7329948169 prime?
True
Is 6059565403 composite?
False
Is 1590909431 composite?
True
Is 2584333351 composite?
True
Is 3137735023 a composite number?
False
Is 637390697 a prime number?
False
Is 9847008467 a prime number?
True
Is 442930031 prime?
False
Is 41438562407 prime?
False
Is 1168332043 a composite number?
True
Is 15654213643 composite?
True
Is 4844630347 prime?
False
Is 15175281097 a composite number?
False
Is 8130032653 composite?
True
Is 1355035613 a composite number?
True
Is 14480737 prime?
False
Is 454525459 prime?
True
Is 19545275117 prime?
True
Is 275404963 composite?
True
Is 1398981341 a prime number?
True
Is 110485847 a prime number?
True
Is 1157618233 prime?
True
Is 6554684261 a prime number?
False
Is 42705416711 composite?
False
Is 10356465853 composite?
True
Is 473040541 composite?
True
Is 939135557 composite?
False
Is 155455642135 composite?
True
Is 4497708147 a prime number?
False
Is 50383136003 composite?
True
Is 1597860793 a composite number?
True
Is 2209588079 a prime number?
True
Is 639483989 prime?
False
Is 3440126497 composite?
False
Is 925686649 a composite number?
True
Is 551804311 prime?
False
Is 26917568843 composite?
True
Is 2880279679 composite?
True
Is 833873509 composite?
True
Is 53685652123 a composite number?
False
Is 7405423309 a composite number?
False
Is 1512057527 prime?
True
Is 7207323287 composite?
False
Is 6060751087 a composite number?
False
Is 2010051247 a composite number?
False
Is 678493421 prime?
True
Is 62339872481 a prime number?
True
Is 376018861 prime?
True
Is 1411908341 prime?
False
Is 517899007 composite?
False
Is 4779812753 composite?
True
Is 15054510953 a prime number?
True
Is 1951617193 prime?
False
Is 1573828913 a prime number?
True
Is 121846853 a prime number?
True
Is 681264109 prime?
True
Is 150168257 composite?
True
Is 2467397701 prime?
True
Is 12721021 composite?
True
Is 32440361519 a prime number?
True
Is 2387224517 a composite number?
True
Is 6172123103 a composite number?
False
Is 873946943 composite?
False
Is 133388861 a prime number?
False
Is 64140191737 composite?
False
Is 948253727 a prime number?
False
Is 12977067941 composite?
False
Is 10915658477 prime?
True
Is 20404110605 a prime number?
False
Is 4123005419 a composite number?
True
Is 296487067 composite?
False
Is 167129633537 a composite number?
False
Is 42311921 a prime number?
True
Is 41505089831 prime?
True
Is 15807840889 a prime number?
False
Is 292049869 prime?
False
Is 74718977 a composite number?
True
Is 7794704413 prime?
False
Is 2517943313 a prime number?
True
Is 2911049393 a composite number?
True
Is 579066041 a prime number?
False
Is 3684932339 composite?
True
Is 35338998077 composite?
False
Is 4628229223 a composite number?
True
Is 22675344997 a composite number?
False
Is 2197982693 a prime number?
True
Is 160809139797 composite?
True
Is 5089161137 a prime number?
False
Is 5135783771 prime?
False
Is 8859191854 composite?
True
Is 12304030731 a prime number?
False
Is 28769449447 a composite number?
True
Is 1488121577 a composite number?
True
Is 3304970567 prime?
True
Is 2068044691 prime?
True
Is 107229258193 prime?
False
Is 524768101647 a composite number?
True
Is 21300026533 a composite number?
False
Is 76408682377 a prime number?
True
Is 24576821 a composite number?
True
Is 9262467518 prime?
False
Is 17104841893 composite?
True
Is 3180103217 a composite number?
False
Is 40631528579 prime?
True
Is 20804672447 prime?
False
Is 33212666017 a composite number?
False
Is 180442157543 a composite number?
False
Is 2504259221 composite?
False
Is 7546397323 composite?
True
Is 133697481803 composite?
F